{"id":552,"date":"2021-06-17T19:37:18","date_gmt":"2021-06-17T19:37:18","guid":{"rendered":"https:\/\/mil-fotball.no\/klubbhandbok\/?page_id=552"},"modified":"2021-06-18T13:15:11","modified_gmt":"2021-06-18T13:15:11","slug":"okonomi-plan-for-okonomistyring","status":"publish","type":"page","link":"https:\/\/mil-fotball.no\/klubbhandbok\/okonomi-plan-for-okonomistyring\/","title":{"rendered":"\u00d8konomi &#8211; plan for \u00f8konomistyring"},"content":{"rendered":"\t\t<div data-elementor-type=\"wp-page\" data-elementor-id=\"552\" class=\"elementor elementor-552\" data-elementor-settings=\"[]\">\n\t\t\t\t\t\t\t<div class=\"elementor-section-wrap\">\n\t\t\t\t\t\t\t<section class=\"penci-section penci-disSticky penci-structure-10 elementor-section elementor-top-section elementor-element elementor-element-081de59 elementor-section-boxed elementor-section-height-default elementor-section-height-default\" data-id=\"081de59\" data-element_type=\"section\">\n\t\t\t\t\t\t<div class=\"elementor-container elementor-column-gap-default\">\n\t\t\t\t\t<div class=\"penci-ercol-100 penci-ercol-order-1 penci-sticky-ct  elementor-column elementor-col-100 elementor-top-column elementor-element elementor-element-039beda\" data-id=\"039beda\" data-element_type=\"column\">\n\t\t\t<div class=\"elementor-widget-wrap elementor-element-populated\">\n\t\t\t\t\t\t\t\t<div class=\"elementor-element elementor-element-bc90f0c elementor-widget elementor-widget-text-editor\" data-id=\"bc90f0c\" data-element_type=\"widget\" data-widget_type=\"text-editor.default\">\n\t\t\t\t<div class=\"elementor-widget-container\">\n\t\t\t\t\t\t\t<p><a href=\"https:\/\/mil-fotball.no\/klubbhandbok\/okonomi-plan-for-okonomistyring\"><strong>7. \u00d8konomi \u2013 plan for \u00f8konomistyring<\/strong><\/a><\/p><p style=\"padding-left: 40px;\"><a href=\"https:\/\/mil-fotball.no\/klubbhandbok\/okonomi-plan-for-okonomistyring#7-1\">7.1 Strategi<\/a><br \/><a href=\"https:\/\/mil-fotball.no\/klubbhandbok\/okonomi-plan-for-okonomistyring#7-2\">7.2 Budsjett<\/a><br \/><a href=\"https:\/\/mil-fotball.no\/klubbhandbok\/okonomi-plan-for-okonomistyring#7-3\">7.3 Regnskap og \u00f8konomistyring<\/a><br \/><a href=\"https:\/\/mil-fotball.no\/klubbhandbok\/okonomi-plan-for-okonomistyring#7-4\">7.4 Bankkonto<\/a><br \/><a href=\"https:\/\/mil-fotball.no\/klubbhandbok\/okonomi-plan-for-okonomistyring#7-5\">7.5 Kontanth\u00e5ndtering<\/a><br \/><a href=\"https:\/\/mil-fotball.no\/klubbhandbok\/okonomi-plan-for-okonomistyring#7-6\">7.6 Regningsbetaling\/refusjon av utlegg<\/a><br \/><a href=\"https:\/\/mil-fotball.no\/klubbhandbok\/okonomi-plan-for-okonomistyring#7-7\">7.7 Lagskonto<\/a><\/p>\t\t\t\t\t\t<\/div>\n\t\t\t\t<\/div>\n\t\t\t\t<div class=\"elementor-element elementor-element-b96fa7b elementor-widget elementor-widget-spacer\" data-id=\"b96fa7b\" data-element_type=\"widget\" data-widget_type=\"spacer.default\">\n\t\t\t\t<div class=\"elementor-widget-container\">\n\t\t\t\t\t<div class=\"elementor-spacer\">\n\t\t\t<div class=\"elementor-spacer-inner\"><\/div>\n\t\t<\/div>\n\t\t\t\t<\/div>\n\t\t\t\t<\/div>\n\t\t\t\t\t<\/div>\n\t\t<\/div>\n\t\t\t\t\t\t\t<\/div>\n\t\t<\/section>\n\t\t\t\t<section class=\"penci-section penci-disSticky penci-structure-10 elementor-section elementor-top-section elementor-element elementor-element-96bd401 elementor-section-boxed elementor-section-height-default elementor-section-height-default\" data-id=\"96bd401\" data-element_type=\"section\">\n\t\t\t\t\t\t<div class=\"elementor-container elementor-column-gap-default\">\n\t\t\t\t\t<div class=\"penci-ercol-100 penci-ercol-order-1 penci-sticky-ct  elementor-column elementor-col-100 elementor-top-column elementor-element elementor-element-f41a3e4\" data-id=\"f41a3e4\" data-element_type=\"column\">\n\t\t\t<div class=\"elementor-widget-wrap elementor-element-populated\">\n\t\t\t\t\t\t\t\t<div class=\"elementor-element elementor-element-ac158f9 elementor-widget elementor-widget-text-editor\" data-id=\"ac158f9\" data-element_type=\"widget\" data-widget_type=\"text-editor.default\">\n\t\t\t\t<div class=\"elementor-widget-container\">\n\t\t\t\t\t\t\t<p><a name=\"7-0\"><\/a><strong>7.0 \u00d8konomi \u2013 plan for \u00f8konomistyring<\/strong><\/p>\t\t\t\t\t\t<\/div>\n\t\t\t\t<\/div>\n\t\t\t\t<div class=\"elementor-element elementor-element-866651d elementor-widget elementor-widget-text-editor\" data-id=\"866651d\" data-element_type=\"widget\" data-widget_type=\"text-editor.default\">\n\t\t\t\t<div class=\"elementor-widget-container\">\n\t\t\t\t\t\t\t<p>God \u00f8konomistyringer et kontinuerlig arbeid som skal sikre at alle ansatte og frivillige har et godt grunnlag for \u00e5 optimalisere tilbudet til v\u00e5re spillere og medlemmer. MIL fotball skal ha l\u00f8pende og langsiktig kontroll p\u00e5 b\u00e5de inntekter og kostnader for \u00e5 sikre sunn \u00f8konomi over tid, og b\u00f8r til enhver tid ha en \u00abbuffer\u00bb for \u00e5 kunne m\u00f8te uforutsett utvikling (uforutsette utgifter eller for eksempel sponsorsvikt).<\/p><p>Fotballstyret er ansvarlig for klubbens \u00f8konomi. Styret s\u00f8rger for \u00e5 v\u00e6re oppdatert gjennom \u00e5 ha delegert ansvaret for l\u00f8pende oppf\u00f8lging av lagets \u00f8konomi til daglig leder. Daglig leder f\u00f8lger opp klubbens \u00f8konomi i forhold til gjeldende budsjett, og daglig leder i MIL fotball er ansvarlig for at styret er oppdatert p\u00e5 regnskap og likviditet.<\/p><p><a name=\"7-1\"><\/a><strong>7.1. Strategi<\/strong><\/p><p>Mosj\u00f8en IL fotballs overordnede \u00f8konomistrategi er at drift og investeringer skal v\u00e6re selvfinansiert gjennom kontingenter, egenandeler, sponsorinntekter, tilskudd og andre inntektsbringende tiltak som loddsalg, dugnader, kiosksalg og turneringsarrangement.<\/p><p><a name=\"7-2\"><\/a><strong>7.2. Budsjett<\/strong><\/p><p>Styret og daglig leder utarbeider budsjett for kommende \u00e5r. Budsjettet legges frem og godkjennes p\u00e5 \u00e5rsm\u00f8te. Det skal budsjetters p\u00e5 kontoniv\u00e5 s\u00e5 n\u00e6rt opp til regnskapets kontofordeling som praktisk mulig. Budsjettet er delt opp i avdelinger p\u00e5 utgiftssiden med f\u00f8lgende avdelinger: A-lag, barn\/ungdom, klubb, Kippermocup, Sammen om utvikling\/MIL-akademiet. Budsjettet baseres p\u00e5 forsiktighetsprinsippet, dvs. at det kun tas med sikre inntekter, og tas h\u00f8yde for alle kjente utgifter.<\/p><p><a name=\"7-3\"><\/a><strong>7.3. Regnskap og \u00f8konomistyring<\/strong><\/p><p>Regnskapet f\u00f8res av ekstern regnskapsf\u00f8rer som rapporterer til styret hver annen m\u00e5ned med oversendelse av resultatregnskap per utl\u00f8pet av februar, april, juni osv. Regnskapet f\u00f8lger kalender\u00e5ret og f\u00f8res etter kontantprinsippet. Styret utpeker et styremedlem som skal v\u00e6re \u00f8konomiansvarlig. Ansvaret omfatter godkjenning av refusjoner av utlegg, deltakelse i budsjettarbeid og oppf\u00f8lging av \u00f8konomien i samarbeid med daglig leder. \u00c5rsregnskap legges frem og godkjennes av \u00e5rsm\u00f8tet.<\/p><p>Mosj\u00f8en Idrettslag sin omsetning overstiger 5 millioner per \u00e5r. F\u00f8lgelig har idrettslaget revisjonsplikt. Regnskapet til MIL Fotball vil s\u00e5 ledes blir revidert av registrert eller statsautorisert revisor. Per tiden er ES revisjon revisor for idrettslaget.<\/p><p><a name=\"7-4\"><\/a><strong>7.4. Bankkonto<\/strong><\/p><p>Daglig leder og regnskapsf\u00f8rer har disposisjonsrett p\u00e5 klubbens konti. Innkreving skal alltid gj\u00f8res til klubbens konto. Det skal aldri benyttes private bankkonti tilh\u00f8rende styremedlemmer, lagledere, trenere eller foresatte.<\/p><p><a name=\"7-5\"><\/a><strong>7.5. Kontanth\u00e5ndtering<\/strong><\/p><p>Kontantinntekter fra kiosksalg og lignende, skal alltid telles opp og attesteres av to personer og settes p\u00e5 konto.<\/p><p><a name=\"7-6\"><\/a><strong>7.6. Regningsbetaling\/refusjon av utlegg<\/strong><\/p><p>Refusjon av utlegg sendes daglig leder p\u00e5 e-post. Daglig leder godkjenner inng\u00e5ende fakturaer og refusjonskrav og sender disse videre til ekstern regnskapsf\u00f8rer. Refusjon av daglig leders utlegg, som ikke er sedvanlige for driften, skal godkjennes av styrets \u00f8konomiansvarlig. Vanlige utlegg som ikke beh\u00f8ver godkjenning er for eksempel utlegg til overgangslisenser, drivstoff og andre ordin\u00e6re driftsutgifter relatert til daglig leders bilordning, p\u00e5fylling av betalingskort til ferjeselskaper som benyttes av lagene til bortekamper, innkj\u00f8p av kioskvarer og lignende.<\/p><p><a name=\"7-7\"><\/a><strong>7.7. Lagkontoer<\/strong><\/p><p>Det er ikke tillatt med private bankkontoer for v\u00e5re lag. Alle kontoene skal opprettes hos v\u00e5r generalsponsor Sparebank1-Helgeland under MIL fotball sitt organisasjonsnummer. Dette for at kontoene skal inng\u00e5 i klubbens regnskap og for at klubben skal ha innsyn i alle lagskontoer. Det skal v\u00e6re minimum to disponenter per konto (for eksempel foreldrekontakt og \u00f8konomiansvarlig). Det anbefales minst mulig kontanth\u00e5ndtering og lagene leverer \u00e5rlig en regnskapsrapport til MIL fotball med oversikt over transaksjoner inn og ut av konto, saldo p\u00e5 konto pr 31.12 og alle bilag.<\/p><p><strong>Rutine ved opprettelse av lagskonto i MIL fotball<\/strong><\/p><ul><li>Alle lagskontoer skal opprettes hos v\u00e5r generalsponsor Sparebank1 Helgeland.<\/li><li>To disponenter m\u00e5 fysisk m\u00f8te opp i banken for \u00e5 opprette kontoen.<\/li><li>Lagskontoene skal opprettes under MIL fotball sitt organisasjonsnummer 852 710 292.<\/li><li>MIL fotball f\u00e5r dermed innsynsrett i lagskontoene.<\/li><li>Daglig leder m\u00e5 ved signering skriftlig godkjenne opprettelse av lagskontoene.<\/li><\/ul>\t\t\t\t\t\t<\/div>\n\t\t\t\t<\/div>\n\t\t\t\t\t<\/div>\n\t\t<\/div>\n\t\t\t\t\t\t\t<\/div>\n\t\t<\/section>\n\t\t\t\t\t\t<\/div>\n\t\t\t\t\t<\/div>\n\t\t","protected":false},"excerpt":{"rendered":"<p>7. \u00d8konomi \u2013 plan for \u00f8konomistyring 7.1 Strategi7.2 Budsjett7.3 Regnskap og \u00f8konomistyring7.4 Bankkonto7.5 Kontanth\u00e5ndtering7.6 Regningsbetaling\/refusjon av utlegg7.7 Lagskonto 7.0 \u00d8konomi \u2013 plan for \u00f8konomistyring God \u00f8konomistyringer et kontinuerlig arbeid som&hellip;<\/p>\n","protected":false},"author":1,"featured_media":0,"parent":0,"menu_order":0,"comment_status":"closed","ping_status":"closed","template":"","meta":{"footnotes":""},"class_list":["post-552","page","type-page","status-publish","hentry"],"_links":{"self":[{"href":"https:\/\/mil-fotball.no\/klubbhandbok\/wp-json\/wp\/v2\/pages\/552","targetHints":{"allow":["GET"]}}],"collection":[{"href":"https:\/\/mil-fotball.no\/klubbhandbok\/wp-json\/wp\/v2\/pages"}],"about":[{"href":"https:\/\/mil-fotball.no\/klubbhandbok\/wp-json\/wp\/v2\/types\/page"}],"author":[{"embeddable":true,"href":"https:\/\/mil-fotball.no\/klubbhandbok\/wp-json\/wp\/v2\/users\/1"}],"replies":[{"embeddable":true,"href":"https:\/\/mil-fotball.no\/klubbhandbok\/wp-json\/wp\/v2\/comments?post=552"}],"version-history":[{"count":10,"href":"https:\/\/mil-fotball.no\/klubbhandbok\/wp-json\/wp\/v2\/pages\/552\/revisions"}],"predecessor-version":[{"id":641,"href":"https:\/\/mil-fotball.no\/klubbhandbok\/wp-json\/wp\/v2\/pages\/552\/revisions\/641"}],"wp:attachment":[{"href":"https:\/\/mil-fotball.no\/klubbhandbok\/wp-json\/wp\/v2\/media?parent=552"}],"curies":[{"name":"wp","href":"https:\/\/api.w.org\/{rel}","templated":true}]}}