{"id":560,"date":"2021-06-17T19:39:44","date_gmt":"2021-06-17T19:39:44","guid":{"rendered":"https:\/\/mil-fotball.no\/klubbhandbok\/?page_id=560"},"modified":"2021-06-17T21:02:45","modified_gmt":"2021-06-17T21:02:45","slug":"aeresmedlemmer-i-mil-fotball","status":"publish","type":"page","link":"https:\/\/mil-fotball.no\/klubbhandbok\/aeresmedlemmer-i-mil-fotball\/","title":{"rendered":"\u00c6resmedlemmer i MIL Fotball"},"content":{"rendered":"\t\t<div data-elementor-type=\"wp-page\" data-elementor-id=\"560\" class=\"elementor elementor-560\" data-elementor-settings=\"[]\">\n\t\t\t\t\t\t\t<div class=\"elementor-section-wrap\">\n\t\t\t\t\t\t\t<section class=\"penci-section penci-disSticky penci-structure-10 elementor-section elementor-top-section elementor-element elementor-element-3e24305 elementor-section-boxed elementor-section-height-default elementor-section-height-default\" data-id=\"3e24305\" data-element_type=\"section\">\n\t\t\t\t\t\t<div class=\"elementor-container elementor-column-gap-default\">\n\t\t\t\t\t<div class=\"penci-ercol-100 penci-ercol-order-1 penci-sticky-ct  elementor-column elementor-col-100 elementor-top-column elementor-element elementor-element-c36b174\" data-id=\"c36b174\" data-element_type=\"column\">\n\t\t\t<div class=\"elementor-widget-wrap elementor-element-populated\">\n\t\t\t\t\t\t\t\t<div class=\"elementor-element elementor-element-25b659b elementor-widget elementor-widget-text-editor\" data-id=\"25b659b\" data-element_type=\"widget\" data-widget_type=\"text-editor.default\">\n\t\t\t\t<div class=\"elementor-widget-container\">\n\t\t\t\t\t\t\t<p><strong>11.0 \u00c6resmedlemmer MIL fotball<\/strong><\/p>\t\t\t\t\t\t<\/div>\n\t\t\t\t<\/div>\n\t\t\t\t<div class=\"elementor-element elementor-element-ab8a455 elementor-widget elementor-widget-text-editor\" data-id=\"ab8a455\" data-element_type=\"widget\" data-widget_type=\"text-editor.default\">\n\t\t\t\t<div class=\"elementor-widget-container\">\n\t\t\t\t\t\t\t<p>2003: \u00d8ystein Moldrem<br \/>2006: Per Drage<br \/>2007: Per Vikan<br \/>2008: Hans G. Bras\u00f8y<br \/>2015: Kjell Vist<br \/>2020: Nils Petter Storrem<\/p>\t\t\t\t\t\t<\/div>\n\t\t\t\t<\/div>\n\t\t\t\t\t<\/div>\n\t\t<\/div>\n\t\t\t\t\t\t\t<\/div>\n\t\t<\/section>\n\t\t\t\t\t\t<\/div>\n\t\t\t\t\t<\/div>\n\t\t","protected":false},"excerpt":{"rendered":"<p>11.0 \u00c6resmedlemmer MIL fotball 2003: \u00d8ystein Moldrem2006: Per Drage2007: Per Vikan2008: Hans G. Bras\u00f8y2015: Kjell Vist2020: Nils Petter Storrem<\/p>\n","protected":false},"author":1,"featured_media":0,"parent":0,"menu_order":0,"comment_status":"closed","ping_status":"closed","template":"","meta":{"footnotes":""},"class_list":["post-560","page","type-page","status-publish","hentry"],"_links":{"self":[{"href":"https:\/\/mil-fotball.no\/klubbhandbok\/wp-json\/wp\/v2\/pages\/560","targetHints":{"allow":["GET"]}}],"collection":[{"href":"https:\/\/mil-fotball.no\/klubbhandbok\/wp-json\/wp\/v2\/pages"}],"about":[{"href":"https:\/\/mil-fotball.no\/klubbhandbok\/wp-json\/wp\/v2\/types\/page"}],"author":[{"embeddable":true,"href":"https:\/\/mil-fotball.no\/klubbhandbok\/wp-json\/wp\/v2\/users\/1"}],"replies":[{"embeddable":true,"href":"https:\/\/mil-fotball.no\/klubbhandbok\/wp-json\/wp\/v2\/comments?post=560"}],"version-history":[{"count":4,"href":"https:\/\/mil-fotball.no\/klubbhandbok\/wp-json\/wp\/v2\/pages\/560\/revisions"}],"predecessor-version":[{"id":607,"href":"https:\/\/mil-fotball.no\/klubbhandbok\/wp-json\/wp\/v2\/pages\/560\/revisions\/607"}],"wp:attachment":[{"href":"https:\/\/mil-fotball.no\/klubbhandbok\/wp-json\/wp\/v2\/media?parent=560"}],"curies":[{"name":"wp","href":"https:\/\/api.w.org\/{rel}","templated":true}]}}

Æresmedlemmer i MIL Fotball

<div data-elementor-type="wp-page" data-elementor-id="560" class="elementor elementor-560" data-elementor-settings="[]">
							<div class="elementor-section-wrap">
							<section class="penci-section penci-disSticky penci-structure-10 elementor-section elementor-top-section elementor-element elementor-element-3e24305 elementor-section-boxed elementor-section-height-default elementor-section-height-default" data-id="3e24305" data-element_type="section">
						<div class="elementor-container elementor-column-gap-default">
					<div class="penci-ercol-100 penci-ercol-order-1 penci-sticky-ct  elementor-column elementor-col-100 elementor-top-column elementor-element elementor-element-c36b174" data-id="c36b174" data-element_type="column">
			<div class="elementor-widget-wrap elementor-element-populated">
								<div class="elementor-element elementor-element-25b659b elementor-widget elementor-widget-text-editor" data-id="25b659b" data-element_type="widget" data-widget_type="text-editor.default">
				<div class="elementor-widget-container">
							<p><strong>11.0 Æresmedlemmer MIL fotball</strong></p>						</div>
				</div>
				<div class="elementor-element elementor-element-ab8a455 elementor-widget elementor-widget-text-editor" data-id="ab8a455" data-element_type="widget" data-widget_type="text-editor.default">
				<div class="elementor-widget-container">
							<p>2003: Øystein Moldrem<br />2006: Per Drage<br />2007: Per Vikan<br />2008: Hans G. Brasøy<br />2015: Kjell Vist<br />2020: Nils Petter Storrem</p>						</div>
				</div>
					</div>
		</div>
							</div>
		</section>
						</div>
					</div>

<p>11.0 Æresmedlemmer MIL fotball 2003: Øystein Moldrem2006: Per Drage2007: Per Vikan2008: Hans G. Brasøy2015: Kjell Vist2020: Nils Petter Storrem</p>
